3). Let a be ((-2)/4)/((-3)/6). Suppose 0 = -3*h + 2*s - 0 + 18, 5*s = 2*h - a. Calculate the highest common divisor of j and h.
8
Suppose 4*n + 716 = 2*l - 324, 0 = -3*n + l - 782. Let t = n + 397. Suppose 4*o = -o + t. What is the highest common factor of 27 and o?
27
Let k(r) = 2 + 2*r - r**2 + 0 - 2*r. Let n(h) = h**2 - 1. Let o(j) = -5*k(j) - 4*n(j). Let u be o(-5). Calculate the greatest common factor of 57 and u.
19
Suppose 3*o = -4*o + 5964. Let x be -2*(-2 + o/(-8)). What is the highest common factor of 31 and x?
31
Suppose -p + 136 = c, 5*c - 5*p - 273 - 367 = 0. Let n = -96 + c. Calculate the greatest common factor of n and 48.
12
Let b(j) = 15*j**2 - 2*j + 1. Let x be b(1). Let q = -1755 + 1769. Calculate the greatest common factor of x and q.
14
Let u = 112 - 108. What is the greatest common factor of u and 32?
4
Suppose 0*t = -7*t + 224. Calculate the greatest common factor of 12 and t.
4
Suppose 4*u + 426 = -i, -4*u - 322 - 92 = -5*i. Let f be (0 + (-28)/(-6))*-33. Let c = u - f. What is the greatest common factor of 12 and c?
12
Let x be -18*(-4)/18*3. Suppose 0 = 4*g + 5*t - 9, -4*g + 5*t + 5 + 34 = 0. What is the greatest common factor of g and x?
6
Let q be -2*5/((-10)/4). Suppose 3*b - b - q = 0. Suppose -s = -b*u - 6, -4*s + 51 = 4*u + 3. What is the greatest common factor of s and 80?
10
Suppose 0 = 13*f - 14*f - 6. Let z be f/3 - (-1 - 21). Suppose 5*v = -38 + 288. What is the greatest common factor of z and v?
10
Let z(r) = -r**3 - 4*r + 45. Let d be z(0). Let s be 1/(-1) - -3 - -2. Let j(w) = w**2 - w + 3. Let y be j(s). Calculate the highest common factor of d and y.
15
Let l = 22 + -18. Suppose 9*s - l*s = 4*f + 451, 0 = -2*s + f + 181. What is the greatest common divisor of 13 and s?
13
Suppose f - 15 = -0*f. Let x be -4 - 38*f/(-6). Let a = 5 + 8. Calculate the highest common divisor of a and x.
13
Let c = 806 - 603. What is the greatest common factor of c and 35?
7
Let n(r) = 5*r**2 - 7*r + 6. Let u be n(5). Suppose -5*w - 2*j + 68 = 0, -3*w + 20 = -0*w - 4*j. What is the highest common factor of w and u?
12
Let m(i) = -i**3 + 19*i**2 + 13*i + 38. Let x be m(17). Calculate the highest common factor of 31 and x.
31
Let a = 46 - 41. Suppose 0 = d - 2, -a*n - 3*d = -2*d - 182. Calculate the highest common divisor of 54 and n.
18
Let c = 35 - 31. Calculate the greatest common divisor of c and 324.
4
Let d = 1576 + -1424. What is the greatest common factor of 418 and d?
38
Suppose 3*d - 16 = 8. Let a(u) = -u**3 + 2*u + 14. Let n be a(0). Suppose -4*s - 96 = -5*w, 2*w + n = 4*s + 62. Calculate the highest common factor of w and d.
8
Let w be (-12)/3 + -309 - 0. Suppose -i + 0*i - 169 = -3*p, 4*i = 5*p - 704. Let g = i - w. What is the highest common divisor of 12 and g?
12
Suppose 2*a + 3*a - d + 137 = 0, 5*a + 139 = 2*d. Let q = a + 55. Let o be (0 - 4)/(4/(-70)). Calculate the highest common factor of q and o.
14
Suppose c + 5 = 10. Suppose -4 = -c*h + 116. Suppose 0 = o - 2*i - h, -6*i - 112 = -4*o - 2*i. Calculate the highest common divisor of 80 and o.
16
Suppose 8 = b + 3*b. Suppose -3*l + b*l = -110. Suppose -4*x + 10 = -3*x. Calculate the greatest common factor of l and x.
10
Suppose -64 = -5*t - 19. Let v(j) = -7*j - 4*j**3 - 8*j**2 - 4*j**2 + 2*j**3 - 15 + 3*j**3. Let k be v(13). What is the highest common factor of t and k?
9
Let m = 188 - 184. Calculate the highest common factor of 4 and m.
4
Let k(z) = -97*z**3 + 2*z**2 + 4*z + 3. Let c be k(-2). Let f be c/7 - (-8)/(-28). Calculate the greatest common divisor of f and 37.
37
Suppose -98*v - 9680 = -118*v. Calculate the greatest common divisor of 220 and v.
44
Let w be ((-9)/(-4))/3*12. Let z = 1552 - 1516. Calculate the highest common divisor of w and z.
9
Suppose 2*o + 4*o - 744 = 0. Calculate the highest common factor of 8 and o.
4
Let a = 117 + -128. Let l(o) = o**2 + 9*o - 17. Let y be l(a). What is the greatest common divisor of 65 and y?
5
Suppose -3*d = -o + d + 15, 4*o = 2*d + 18. Let p(f) = -f**3 + 22*f**2 + f + 47. Let n be p(22). What is the highest common factor of n and o?
3
Let o be (-2)/3 + (-6)/(-9). Suppose -b + 0 + 4 = o. Let g be b*3*(-3)/(-4). Calculate the greatest common factor of 9 and g.
9
Suppose -2*v + 5*h = -20, 0 = 5*v - h - 3*h - 33. Let k be (-3)/(42/(-4)) - 2550/(-238). Suppose k*b = 27 + 28. Calculate the greatest common factor of v and b.
5
Let t(x) be the first derivative of 7*x - 1/4*x**4 + 7 + 1/2*x**2 - 4/3*x**3. Let h be t(-5). Calculate the highest common factor of 9 and h.
9
Let r(l) be the second derivative of l**5/20 - l**4/3 + 3*l**3/2 - l. Let q be r(6). Let v = 181 + -167. What is the greatest common divisor of v and q?
14
Let j be ((-21)/(-5))/(4/60). What is the highest common divisor of j and 21?
21
Let k = -348 + 645. Calculate the greatest common factor of k and 9.
9
Let d = 621 - 1171. Let v = d + 294. Let c = -144 - v. Calculate the highest common divisor of 16 and c.
16
Suppose -15*z + 165 = -12*z. Calculate the greatest common divisor of 33 and z.
11
Let b = -5 + 6. Suppose 6 - b = j. Suppose j*c - 68 = 32. What is the highest common divisor of c and 8?
4
Suppose 702 = 6*x + 552. What is the highest common factor of x and 800?
25
Suppose -5*q + 16 - 1 = 0. Suppose 4*h + 3*k = -q + 2, 5*k + 11 = -2*h. Calculate the highest common factor of 22 and h.
2
Let a(x) = -19*x - 4. Suppose -6*t - 48 = -4*t. Let n = -30 - t. Let q be a(n). What is the highest common divisor of q and 10?
10
Let s = 18 + -18. Suppose 3*r = -5*v + 26, -5*r + 2*v + 2 = -s. Suppose 4*q - 210 = r*y, -3*q - y - 270 = -8*q. What is the greatest common factor of q and 5?
5
Suppose 27*u - 939 = 4245. What is the greatest common factor of 36 and u?
12
Let k be 39/91 + 2573/7. Suppose 0 = -5*d - 2*h + k, -d + h + h + 64 = 0. Calculate the highest common factor of 108 and d.
36
Let m(c) = -c**2 + 9*c - 3. Let p be m(8). Suppose -89 = -p*k + 26. Let y = k - 16. What is the greatest common divisor of 56 and y?
7
Suppose 1515 - 166 = 19*f. What is the greatest common factor of 71 and f?
71
Let r(z) = z**2 + 4*z - 26. Let h be r(-9). Suppose h = 3*t - i, -3*t + i = -4*i - 23. Calculate the highest common factor of 66 and t.
6
Suppose 4*z = -4*o - 300, -5*o + 2*o = -2*z - 130. Let x = z - -90. Calculate the highest common divisor of 209 and x.
19
Let t be ((-1)/(-2))/(((-30)/(-5136))/5). Suppose -28 = 10*x - t. What is the greatest common divisor of 360 and x?
40
Let o(c) = 2*c**2 - 6*c + 5. Let s be o(4). Suppose 4*r + 1 = s. Suppose -2*i - r*i + 40 = 0. What is the greatest common factor of i and 56?
8
Suppose 24*x - 8376 + 2040 = 0. What is the highest common divisor of x and 308?
44
Suppose -2*i - 52 = -0*i. Let q be -6*(5/10 + i/4). What is the highest common divisor of 72 and q?
36
Let c(w) = 182*w. Let g be c(2). Let l be g/18 - (-8)/(-36). Let b be 18 + -18 + 4*2. What is the highest common divisor of l and b?
4
Let b be 255/34 - 1/(-2). Let q(w) = -w**3 + 7*w**2 - 2*w + 1. Let m be q(6). Let o be 6/b + m/20. What is the greatest common divisor of 22 and o?
2
Let w = 60 - -10. Let s(j) = j**3 + 34*j**2 - 32*j + 115. Let o be s(-35). What is the highest common factor of o and w?
10
Let b be 22/11 + 3/(-1). Let m(f) = f**2 + f + 2. Let w be m(b). Let v be (1 - 4) + w + 46. What is the greatest common divisor of v and 15?
15
Let g be 4/5 + 21/5. Suppose -g*x = -5*u + 115, -u - 3*u + 2*x = -84. Calculate the highest common divisor of 19 and u.
19
Let u(b) = -10*b - 63. Let g be u(-15). Suppose r + 3*v = 47, -v + 57 + g = 4*r. Calculate the greatest common divisor of r and 10.
5
Suppose 13*n - 10*n = 213. Let z = n - 26. Suppose 4*u + 5*d = 100 - 39, -2*u - d = -23. Calculate the highest common divisor of z and u.
9
Let v be 11/(-18)*-16 + (-2)/(-9). Let s = 519 + -367. Suppose -7*q + 4*l + 334 = -2*q, 0 = -2*q - 3*l + s. Calculate the highest common divisor of q and v.
10
Let c(n) = -n**2 + 7*n - 5. Let r be c(6). Let o = 17 + r. Calculate the greatest common divisor of o and 54.
18
Let a(x) = 56*x + 15. Let c be a(7). Suppose h = 2*b - c + 1590, 3*b - 5*h + 1757 = 0. Let k be b/(-153) + 4/34. What is the greatest common factor of k and 8?
4
Let m be 1/(2/(-8) + 315/1140). Calculate the greatest common divisor of 57 and m.
19
Let s(l) = -2